{"id":8,"date":"2024-07-22T08:09:28","date_gmt":"2024-07-22T08:09:28","guid":{"rendered":"https:\/\/loszoronguillos.es\/?page_id=8"},"modified":"2024-08-16T22:16:31","modified_gmt":"2024-08-16T22:16:31","slug":"los-zoronguillos-2","status":"publish","type":"page","link":"https:\/\/loszoronguillos.es\/","title":{"rendered":"LOS ZORONGUILLOS"},"content":{"rendered":"\t\t<div data-elementor-type=\"wp-page\" data-elementor-id=\"8\" class=\"elementor elementor-8\" data-elementor-post-type=\"page\">\n\t\t\t\t<div class=\"elementor-element elementor-element-d8404a4 e-con-full e-flex e-con e-parent\" data-id=\"d8404a4\" data-element_type=\"container\" data-e-type=\"container\" data-settings=\"{&quot;background_background&quot;:&quot;classic&quot;}\">\n\t\t\t\t<div class=\"elementor-element elementor-element-9e720c5 elementor-widget__width-inherit elementor-fixed elementor-widget elementor-widget-image\" data-id=\"9e720c5\" data-element_type=\"widget\" data-e-type=\"widget\" data-settings=\"{&quot;_position&quot;:&quot;fixed&quot;}\" data-widget_type=\"image.default\">\n\t\t\t\t<div class=\"elementor-widget-container\">\n\t\t\t\t\t\t\t\t\t\t\t\t\t\t\t<img fetchpriority=\"high\" decoding=\"async\" width=\"512\" height=\"512\" src=\"https:\/\/loszoronguillos.es\/wp-content\/uploads\/2024\/08\/cropped-cropped-logo-transparente-los-zoronguillos.png\" class=\"attachment-medium_large size-medium_large wp-image-25\" alt=\"\" srcset=\"https:\/\/loszoronguillos.es\/wp-content\/uploads\/2024\/08\/cropped-cropped-logo-transparente-los-zoronguillos.png 512w, https:\/\/loszoronguillos.es\/wp-content\/uploads\/2024\/08\/cropped-cropped-logo-transparente-los-zoronguillos-300x300.png 300w, https:\/\/loszoronguillos.es\/wp-content\/uploads\/2024\/08\/cropped-cropped-logo-transparente-los-zoronguillos-150x150.png 150w, https:\/\/loszoronguillos.es\/wp-content\/uploads\/2024\/08\/cropped-cropped-logo-transparente-los-zoronguillos-270x270.png 270w, https:\/\/loszoronguillos.es\/wp-content\/uploads\/2024\/08\/cropped-cropped-logo-transparente-los-zoronguillos-192x192.png 192w, https:\/\/loszoronguillos.es\/wp-content\/uploads\/2024\/08\/cropped-cropped-logo-transparente-los-zoronguillos-180x180.png 180w, https:\/\/loszoronguillos.es\/wp-content\/uploads\/2024\/08\/cropped-cropped-logo-transparente-los-zoronguillos-32x32.png 32w\" sizes=\"(max-width: 512px) 100vw, 512px\" \/>\t\t\t\t\t\t\t\t\t\t\t\t\t\t\t<\/div>\n\t\t\t\t<\/div>\n\t\t\t\t<div class=\"elementor-element elementor-element-0608203 elementor-widget elementor-widget-heading\" data-id=\"0608203\" data-element_type=\"widget\" data-e-type=\"widget\" data-widget_type=\"heading.default\">\n\t\t\t\t<div class=\"elementor-widget-container\">\n\t\t\t\t\t<h2 class=\"elementor-heading-title elementor-size-default\">\u00a1Enhorabuena, campe\u00f3n\/a!<\/h2>\t\t\t\t<\/div>\n\t\t\t\t<\/div>\n\t\t\t\t<div class=\"elementor-element elementor-element-244850f elementor-widget__width-initial elementor-widget elementor-widget-heading\" data-id=\"244850f\" data-element_type=\"widget\" data-e-type=\"widget\" data-widget_type=\"heading.default\">\n\t\t\t\t<div class=\"elementor-widget-container\">\n\t\t\t\t\t<h2 class=\"elementor-heading-title elementor-size-default\">Has encontrado el epicentro de la fiesta. Ahora deja el m\u00f3vil, pilla una birra y p\u00e9gate un baile, que aqu\u00ed no estamos pa\u2019 tonter\u00edas.<\/h2>\t\t\t\t<\/div>\n\t\t\t\t<\/div>\n\t\t\t\t<div class=\"elementor-element elementor-element-de4509c elementor-widget__width-initial elementor-widget elementor-widget-heading\" data-id=\"de4509c\" data-element_type=\"widget\" data-e-type=\"widget\" data-widget_type=\"heading.default\">\n\t\t\t\t<div class=\"elementor-widget-container\">\n\t\t\t\t\t<h2 class=\"elementor-heading-title elementor-size-default\">\u00a1VIVA CASASIMARRO!<\/h2>\t\t\t\t<\/div>\n\t\t\t\t<\/div>\n\t\t\t\t<div class=\"elementor-element elementor-element-5546c75 elementor-widget__width-initial elementor-widget elementor-widget-heading\" data-id=\"5546c75\" data-element_type=\"widget\" data-e-type=\"widget\" data-widget_type=\"heading.default\">\n\t\t\t\t<div class=\"elementor-widget-container\">\n\t\t\t\t\t<h2 class=\"elementor-heading-title elementor-size-default\">\u00a1VIVA SAN BARTOLOM\u00c9!<\/h2>\t\t\t\t<\/div>\n\t\t\t\t<\/div>\n\t\t\t\t<div class=\"elementor-element elementor-element-eb3b897 elementor-widget elementor-widget-image\" data-id=\"eb3b897\" data-element_type=\"widget\" data-e-type=\"widget\" data-widget_type=\"image.default\">\n\t\t\t\t<div class=\"elementor-widget-container\">\n\t\t\t\t\t\t\t\t\t\t\t\t\t\t\t<img decoding=\"async\" src=\"https:\/\/loszoronguillos.es\/wp-content\/uploads\/2024\/08\/animacion-zoronguillos-12.gif\" title=\"\" alt=\"\" loading=\"lazy\" \/>\t\t\t\t\t\t\t\t\t\t\t\t\t\t\t<\/div>\n\t\t\t\t<\/div>\n\t\t\t\t<div class=\"elementor-element elementor-element-e7db21c elementor-widget__width-initial elementor-widget-mobile__width-inherit elementor-widget-tablet__width-initial elementor-widget elementor-widget-wp-widget-media_audio\" data-id=\"e7db21c\" data-element_type=\"widget\" data-e-type=\"widget\" data-widget_type=\"wp-widget-media_audio.default\">\n\t\t\t\t<div class=\"elementor-widget-container\">\n\t\t\t\t\t<audio class=\"wp-audio-shortcode\" id=\"audio-8-1\" loop preload=\"auto\" style=\"width: 100%;\" controls=\"controls\"><source type=\"audio\/mpeg\" src=\"https:\/\/loszoronguillos.es\/wp-content\/uploads\/2024\/08\/Fiesta-de-Los-Zorongos.mp3?_=1\" \/><source type=\"audio\/mpeg\" src=\"https:\/\/loszoronguillos.es\/wp-content\/uploads\/2024\/08\/Fiesta-de-Los-Zorongos.mp3?_=1\" \/><a href=\"https:\/\/loszoronguillos.es\/wp-content\/uploads\/2024\/08\/Fiesta-de-Los-Zorongos.mp3\">https:\/\/loszoronguillos.es\/wp-content\/uploads\/2024\/08\/Fiesta-de-Los-Zorongos.mp3<\/a><\/audio>\t\t\t\t<\/div>\n\t\t\t\t<\/div>\n\t\t\t\t<div class=\"elementor-element elementor-element-a1401bb elementor-widget__width-inherit elementor-fixed elementor-widget elementor-widget-image\" data-id=\"a1401bb\" data-element_type=\"widget\" data-e-type=\"widget\" data-settings=\"{&quot;_position&quot;:&quot;fixed&quot;}\" data-widget_type=\"image.default\">\n\t\t\t\t<div class=\"elementor-widget-container\">\n\t\t\t\t\t\t\t\t\t\t\t\t\t\t\t<img fetchpriority=\"high\" decoding=\"async\" width=\"512\" height=\"512\" src=\"https:\/\/loszoronguillos.es\/wp-content\/uploads\/2024\/08\/cropped-cropped-logo-transparente-los-zoronguillos.png\" class=\"attachment-medium_large size-medium_large wp-image-25\" alt=\"\" srcset=\"https:\/\/loszoronguillos.es\/wp-content\/uploads\/2024\/08\/cropped-cropped-logo-transparente-los-zoronguillos.png 512w, https:\/\/loszoronguillos.es\/wp-content\/uploads\/2024\/08\/cropped-cropped-logo-transparente-los-zoronguillos-300x300.png 300w, https:\/\/loszoronguillos.es\/wp-content\/uploads\/2024\/08\/cropped-cropped-logo-transparente-los-zoronguillos-150x150.png 150w, https:\/\/loszoronguillos.es\/wp-content\/uploads\/2024\/08\/cropped-cropped-logo-transparente-los-zoronguillos-270x270.png 270w, https:\/\/loszoronguillos.es\/wp-content\/uploads\/2024\/08\/cropped-cropped-logo-transparente-los-zoronguillos-192x192.png 192w, https:\/\/loszoronguillos.es\/wp-content\/uploads\/2024\/08\/cropped-cropped-logo-transparente-los-zoronguillos-180x180.png 180w, https:\/\/loszoronguillos.es\/wp-content\/uploads\/2024\/08\/cropped-cropped-logo-transparente-los-zoronguillos-32x32.png 32w\" sizes=\"(max-width: 512px) 100vw, 512px\" \/>\t\t\t\t\t\t\t\t\t\t\t\t\t\t\t<\/div>\n\t\t\t\t<\/div>\n\t\t\t\t<div class=\"elementor-element elementor-element-b126676 elementor-widget__width-inherit elementor-fixed elementor-widget elementor-widget-image\" data-id=\"b126676\" data-element_type=\"widget\" data-e-type=\"widget\" data-settings=\"{&quot;_position&quot;:&quot;fixed&quot;}\" data-widget_type=\"image.default\">\n\t\t\t\t<div class=\"elementor-widget-container\">\n\t\t\t\t\t\t\t\t\t\t\t\t\t\t\t<img fetchpriority=\"high\" decoding=\"async\" width=\"512\" height=\"512\" src=\"https:\/\/loszoronguillos.es\/wp-content\/uploads\/2024\/08\/cropped-cropped-logo-transparente-los-zoronguillos.png\" class=\"attachment-medium_large size-medium_large wp-image-25\" alt=\"\" srcset=\"https:\/\/loszoronguillos.es\/wp-content\/uploads\/2024\/08\/cropped-cropped-logo-transparente-los-zoronguillos.png 512w, https:\/\/loszoronguillos.es\/wp-content\/uploads\/2024\/08\/cropped-cropped-logo-transparente-los-zoronguillos-300x300.png 300w, https:\/\/loszoronguillos.es\/wp-content\/uploads\/2024\/08\/cropped-cropped-logo-transparente-los-zoronguillos-150x150.png 150w, https:\/\/loszoronguillos.es\/wp-content\/uploads\/2024\/08\/cropped-cropped-logo-transparente-los-zoronguillos-270x270.png 270w, https:\/\/loszoronguillos.es\/wp-content\/uploads\/2024\/08\/cropped-cropped-logo-transparente-los-zoronguillos-192x192.png 192w, https:\/\/loszoronguillos.es\/wp-content\/uploads\/2024\/08\/cropped-cropped-logo-transparente-los-zoronguillos-180x180.png 180w, https:\/\/loszoronguillos.es\/wp-content\/uploads\/2024\/08\/cropped-cropped-logo-transparente-los-zoronguillos-32x32.png 32w\" sizes=\"(max-width: 512px) 100vw, 512px\" \/>\t\t\t\t\t\t\t\t\t\t\t\t\t\t\t<\/div>\n\t\t\t\t<\/div>\n\t\t\t\t<div class=\"elementor-element elementor-element-785a52e elementor-widget-divider--view-line_text elementor-widget__width-initial elementor-widget-tablet__width-initial elementor-widget-divider--element-align-center elementor-widget elementor-widget-divider\" data-id=\"785a52e\" data-element_type=\"widget\" data-e-type=\"widget\" data-widget_type=\"divider.default\">\n\t\t\t\t<div class=\"elementor-widget-container\">\n\t\t\t\t\t\t\t<div class=\"elementor-divider\">\n\t\t\t<span class=\"elementor-divider-separator\">\n\t\t\t\t\t\t\t<span class=\"elementor-divider__text elementor-divider__element\">\n\t\t\t\tMINIJUEGO\t\t\t\t<\/span>\n\t\t\t\t\t\t<\/span>\n\t\t<\/div>\n\t\t\t\t\t\t<\/div>\n\t\t\t\t<\/div>\n\t\t\t\t<div class=\"elementor-element elementor-element-59d6212 elementor-widget__width-initial elementor-widget elementor-widget-heading\" data-id=\"59d6212\" data-element_type=\"widget\" data-e-type=\"widget\" data-widget_type=\"heading.default\">\n\t\t\t\t<div class=\"elementor-widget-container\">\n\t\t\t\t\t<h2 class=\"elementor-heading-title elementor-size-default\">\u00bfQUI\u00c9N PAGAR\u00c1 LA RONDA?<\/h2>\t\t\t\t<\/div>\n\t\t\t\t<\/div>\n\t\t\t\t<div class=\"elementor-element elementor-element-7ccfb34 elementor-widget__width-initial elementor-widget elementor-widget-heading\" data-id=\"7ccfb34\" data-element_type=\"widget\" data-e-type=\"widget\" data-widget_type=\"heading.default\">\n\t\t\t\t<div class=\"elementor-widget-container\">\n\t\t\t\t\t<h2 class=\"elementor-heading-title elementor-size-default\">\u00a1PRUEBA SUERTE!<\/h2>\t\t\t\t<\/div>\n\t\t\t\t<\/div>\n\t\t\t\t<div class=\"elementor-element elementor-element-3647aef elementor-widget elementor-widget-shortcode\" data-id=\"3647aef\" data-element_type=\"widget\" data-e-type=\"widget\" data-widget_type=\"shortcode.default\">\n\t\t\t\t<div class=\"elementor-widget-container\">\n\t\t\t\t\t\t\t<div class=\"elementor-shortcode\"><div id=\"dice-container\">\n                <div class=\"dice\" id=\"dice\">\n                    <div class=\"face one\">\n                        <div class=\"dot\"><\/div>\n                    <\/div>\n                    <div class=\"face two\">\n                        <div class=\"dot\"><\/div>\n                        <div class=\"dot\"><\/div>\n                    <\/div>\n                    <div class=\"face three\">\n                        <div class=\"dot\"><\/div>\n                        <div class=\"dot\"><\/div>\n                        <div class=\"dot\"><\/div>\n                    <\/div>\n                    <div class=\"face four\">\n                        <div class=\"dot\"><\/div>\n                        <div class=\"dot\"><\/div>\n                        <div class=\"dot\"><\/div>\n                        <div class=\"dot\"><\/div>\n                    <\/div>\n                    <div class=\"face five\">\n                        <div class=\"dot\"><\/div>\n                        <div class=\"dot\"><\/div>\n                        <div class=\"dot\"><\/div>\n                        <div class=\"dot\"><\/div>\n                        <div class=\"dot\"><\/div>\n                    <\/div>\n                    <div class=\"face six\">\n                        <div class=\"dot\"><\/div>\n                        <div class=\"dot\"><\/div>\n                        <div class=\"dot\"><\/div>\n                        <div class=\"dot\"><\/div>\n                        <div class=\"dot\"><\/div>\n                        <div class=\"dot\"><\/div>\n                    <\/div>\n                <\/div>\n            <\/div>\n            <p id=\"dice-message\"><\/p>\n            <button id=\"roll-button\">Volver a tirar<\/button><\/div>\n\t\t\t\t\t\t<\/div>\n\t\t\t\t<\/div>\n\t\t\t\t<div class=\"elementor-element elementor-element-906f03a elementor-widget__width-initial elementor-widget elementor-widget-heading\" data-id=\"906f03a\" data-element_type=\"widget\" data-e-type=\"widget\" data-widget_type=\"heading.default\">\n\t\t\t\t<div class=\"elementor-widget-container\">\n\t\t\t\t\t<h2 class=\"elementor-heading-title elementor-size-default\">* CADA PERSONA ELIGE UN N\u00daMERO, SI SALE EL TUYO PAGAS<\/h2>\t\t\t\t<\/div>\n\t\t\t\t<\/div>\n\t\t\t\t<div class=\"elementor-element elementor-element-7498294 elementor-widget__width-initial elementor-widget elementor-widget-heading\" data-id=\"7498294\" data-element_type=\"widget\" data-e-type=\"widget\" data-widget_type=\"heading.default\">\n\t\t\t\t<div class=\"elementor-widget-container\">\n\t\t\t\t\t<h2 class=\"elementor-heading-title elementor-size-default\">Designed by Carlos C .<\/h2>\t\t\t\t<\/div>\n\t\t\t\t<\/div>\n\t\t\t\t<\/div>\n\t\t\t\t<\/div>\n\t\t","protected":false},"excerpt":{"rendered":"<p>\u00a1Enhorabuena, campe\u00f3n\/a! Has encontrado el epicentro de la fiesta. Ahora deja el m\u00f3vil, pilla una birra y p\u00e9gate un baile, que aqu\u00ed no estamos pa\u2019 tonter\u00edas. \u00a1VIVA CASASIMARRO! \u00a1VIVA SAN &#8230; <a title=\"LOS ZORONGUILLOS\" class=\"read-more\" href=\"https:\/\/loszoronguillos.es\/\" aria-label=\"Leer m\u00e1s sobre LOS ZORONGUILLOS\">Leer m\u00e1s<\/a><\/p>\n","protected":false},"author":1,"featured_media":0,"parent":0,"menu_order":0,"comment_status":"closed","ping_status":"closed","template":"","meta":{"footnotes":""},"class_list":["post-8","page","type-page","status-publish"],"_links":{"self":[{"href":"https:\/\/loszoronguillos.es\/index.php\/wp-json\/wp\/v2\/pages\/8","targetHints":{"allow":["GET"]}}],"collection":[{"href":"https:\/\/loszoronguillos.es\/index.php\/wp-json\/wp\/v2\/pages"}],"about":[{"href":"https:\/\/loszoronguillos.es\/index.php\/wp-json\/wp\/v2\/types\/page"}],"author":[{"embeddable":true,"href":"https:\/\/loszoronguillos.es\/index.php\/wp-json\/wp\/v2\/users\/1"}],"replies":[{"embeddable":true,"href":"https:\/\/loszoronguillos.es\/index.php\/wp-json\/wp\/v2\/comments?post=8"}],"version-history":[{"count":290,"href":"https:\/\/loszoronguillos.es\/index.php\/wp-json\/wp\/v2\/pages\/8\/revisions"}],"predecessor-version":[{"id":337,"href":"https:\/\/loszoronguillos.es\/index.php\/wp-json\/wp\/v2\/pages\/8\/revisions\/337"}],"wp:attachment":[{"href":"https:\/\/loszoronguillos.es\/index.php\/wp-json\/wp\/v2\/media?parent=8"}],"curies":[{"name":"wp","href":"https:\/\/api.w.org\/{rel}","templated":true}]}}